2 + 25))?
-16
What is the value of 3 + 0 - (7 + 2) - 1?
-7
Evaluate 2 + 9 + (2 - 15).
-2
What is -44 + -17 + 58 + 1 + (-2 - -8)?
4
2 + 11 + -3 + 3
13
What is 15 + 1 - (-348 - -357)?
7
What is 5 + 0 - (-3 + (31 - (6 + -2)))?
-19
What is the value of (-4 - -17 - 4) + -5 + 1 + 4?
9
Calculate -8 - ((-7 - -20 - (0 + 5)) + -6).
-10
Evaluate -13 - (-10 + (0 - -9) + -7).
-5
What is the value of -9 - ((9 - 0) + (-115 - -95))?
2
-7 + 23 - 18 - 4
-6
Calculate -6 + -19 + (1 - -4) + 10.
-10
(-4 - 11) + 11 + 1
-3
What is the value of -1 - (81 + -77 + (2 - 1 - 2))?
-4
7 - (-20 - (-15 - (5 + -12)) - -8)
11
(3 - 12) + 17 + -5
3
What is the value of -4 + -5 + 4 + (-6 - -14) + -30?
-27
What is the value of (1 + 4 - (15 + -6)) + 14?
10
-19 - (0 - 31) - 13
-1
Evaluate -15 + 35 + (-24 - -2).
-2
Calculate 10 + (-3 - -3 - (0 - -3)).
7
What is the value of (31 - -10) + (-10 + 8 + -3 - 7)?
29
What is the value of 13 - (-31 - -29 - -19)?
-4
(34 - ((-18 + 10 - -15) + -15)) + -5
37
Evaluate -9 + 41 + -29 - 7.
-4
What is -1 + 0 + 2 - ((26 - 26) + -2)?
3
What is (13 - (-6 + 3 - -4)) + (677 - 674)?
15
What is -1 + 5 - (-3 - (-7 + 11))?
11
Evaluate 2 - (-6 + 28 + -11).
-9
Calculate -3 + 4 + -3 - ((-22 - 9) + 22).
7
2 + (2 - (-10 + 3 + 3)) - 6
2
What is 49 + -44 + (13 - 7)?
11
What is the value of 22 + (-2 - 16) - (-6 - (2 + -7))?
5
What is the value of 14 + -25 + 25 + 3?
17
Calculate 3 + 8 + (0 - (8 - 10) - 3).
10
What is 17 + (-2 + 3 - 4 - 4)?
10
What is (12 + 5 + -9 - 10) + -4 + 1?
-5
19 + (-9 - (-4 - 1)) - 7
8
Evaluate (1 - -1) + (-5 - 5) - -9 - 30.
-29
What is the value of -1 - (-1 + 7) - (-12 + (2 - 7))?
10
Evaluate -26 - ((-12 - -5) + (-3 - -3) + 1).
-20
What is the value of 5 - 4 - (7 + (-19 - -11))?
2
What is 33 - (4 + (20 - 7))?
16
Evaluate (2 - -4) + (6 - (-10 + 11)).
11
What is -9 + (9 - ((-7 - -7) + 0) - 34)?
-34
-8 - (-19 + 15 + 11) - -12
-3
What is the value of -22 + 4 + (-7 - -2 - -10)?
-13
What is the value of (6 - 7 - -5) + 33 - (-3 - -14)?
26
-32 + 2 - (-31 + 16)
-15
What is the value of (1 - -12) + 99 + -122?
-10
What is -2 + (4 + 1 + 1 - -2)?
6
What is 23 + 15 + -31 + -18?
-11
What is the value of 9 + -4 + -1 + (17 - 14)?
7
191 + -183 + (0 - 30)
-22
Calculate -11 + (7 - -20) + 0.
16
Evaluate -19 - (1 + -1 - (-14 + 14 - -6)).
-13
Calculate (-1 - -14) + -15 - -6.
4
What is -8 - -24 - 11 - -3?
8
Evaluate 0 + (-7 - -10) + 0 + 7.
10
Evaluate (0 - -10) + -17 + 1 + (3 - -14).
11
Evaluate -10 + (10 - 1) + (15 - 25).
-11
3 + -30 + (-2 - -5) - -12
-12
Evaluate (0 - 3 - (24 - 31)) + -21.
-17
What is (-5 - -2) + 2 + (-157 - -162)?
4
What is -521 - -556 - (32 - -3)?
0
Calculate -8 - ((0 + 1 - (-56 + 60)) + 12).
-17
What is -3 + -23 + 10 + (2 - (-1 - -8))?
-21
What is -27 + (11 - (10 - 21))?
-5
(-191 - -157) + 58 + -6
18
Calculate (-38 - 1) + (120 - 54).
27
Calculate 0 + 13 - 18 - 0.
-5
Calculate (-2 - (1 + 1 + -2)) + -2 + -4.
-8
Calculate 20 - (-6 - (-14 + 8) - -7).
13
Calculate (-111 - -125) + 9 + -1.
22
Evaluate -13 + -1 + 32 - 16.
2
What is the value of (19 - 28) + 2 + 2 + -1?
-6
9 + (-1 - (2 - 3)) + (-11 - -12)
10
What is the value of -1 + 10 + -41 + -1 + 22 + 2?
-9
Evaluate 8 - (14 - (-17 + 0 + 8 + 9)).
-6
Evaluate (3 - (15 - (4 + 6 - 1))) + -8.
-11
Calculate -15 + 3 + -16 + -11 + 22 + -2.
-19
Evaluate 1234 + -1246 - (-41 - 2).
31
Calculate (-5 - (-6 - 4)) + (-16 - -1).
-10
What is (15 - 12) + 3 + -5 + (-2 - 1)?
-2
4 + -1 + -7 - (17 + -7 - 0)
-14
What is the value of -9 + 1 - (8 - (49 + -28))?
5
(-29 - (12 - 33)) + 23
15
Calculate (1 - 0) + -8 - (-14 - 3) - 3.
7
(-43 - -1) + 57 + (1 - 0 - 7)
9
Evaluate -1 + -10 + (17 - 7).
-1
Evaluate 10 - -1 - (12 - (-23 - -16 - -4)).
-4
Evaluate -29 - (-7 + 13 - 13).
-22
(-17 - -3) + -3 - -12
-5
What is -234 + 233 - ((0 - 1) + 2 + 16)?
-18
What is the value of 2 - (17 - 1 - (-9 + 30))?
7
Evaluate -12 + -1 + 13 + (167 - 186).
-19
Calculate 36 + -21 - (15 - -1) - (-7 - -1).
5
What is the value of -7 + (1 - (-7 - -8 - -13))?
-20
What is -6 - -2 - (4 - 0 - (-1 + 21))?
12
5 + 12 - 7 - 6
4
(-13 - -24) + (1 - 3)
9
What is the value of -10 - ((4 + -5 - 5) + 5) - -8?
-1
(-1 - -7 - (4 + -3)) + 58 + -64
-1
What is 28 + -35 - (-12 - 4)?
9
Evaluate -3 + 2 + 9 + 0.
8
Evaluate 2 - -4 - (56 + -58) - 14.
-6
What is (10 - -18) + -23 - (3 - (-20 + -3))?
-21
Evaluate 4 + (-9 - 1 - (212 - 217)).
-1
Evaluate -32 - -25 - -30 - 6.
17
What is the value of 1 + 19 + (21 - 54)?
-13
What is the value of 90 + (-72 - -34) - 19?
33
What is the value of 21 - (21 - (44 - 25))?
19
Calculate 20 - 13 - -10 - (-9 + 35).
-9
What is the value of -25 + 23 - (-5 - -19)?
-16
Calculate 20 + 4 + -4 + -3 + 5 + 0.
22
Calculate (4 - (-88 + 59 - (0 - 8))) + 2.
27
What is the value of 7 + (8 + 5 + -14 - 15)?
-9
What is -4 + (-3 - -5) + 3 - 4?
-3
What is the value of -14 + (-1 + 5 - (11 + -20))?
-1
What is the value of 15 - -1 - 3 - (72 - 70)?
11
Evaluate -12 + 27 + (-18 - -9) + -30 - -4.
-20
What is -16 + 20 + -4 + 5 + (0 - -1)?
6
Calculate -13 + (0 - -13) + -9.
-9
Evaluate -7 + -4 + 15 + (-2 - 7).
-5
What is 84 - 79 - (14 + 1)?
-10
What is the value of 4 - (-1 + 0) - (5 + 33 + -15)?
-18
What is -319 - -318 - (21 + -1)?
-21
Evaluate 39 + -77 + -45 + 63.
-20
-8 + (14 - 29) + 0 - 13
-36
33 + -64 - (1 + -19)
-13
What is (65 - 60 - (2 - -6)) + (-2 - -12)?
7
What is (-23 - 0) + 43 + -3?
17
What is the value of (3 + -7 - 18) + (13 - 2)?
-11
What is 32 - -1 - (-8 - -30)?
11
Calculate 8 - (-7 - -19 - 4 - 0).
0
Evaluate 17 + -12 + 8 + 0.
13
-14 - (0 + (4 - (4 - 6)) + -7)
-13
-1 - (-4 + 17 + -6 + -1 - 8)
1
7 + 1 + 15 + -12
11
Calculate 3 + 0 + -107 + 107.
3
What is 1 + (-14 - (-5 - 14))?
6
Calculate -17 + 13 - (-7 + 3 + 4).
-4
-1 + 12 + 22 + -28
5
Calculate -19 + (-63 - -26) + 49.
-7
What is the value of -7 - (10 + -8) - (1 + (7 - 10))?
-7
What is the value of 1180 + -1217 + 31 + 2?
-4
Evaluate -5 - (1 + 5 - (1 + 13)).
3
2 + (0 - (-2 + 10)) + -53 + 46
-13
-10 + 56 + -4 - 18
24
What is 2 - (-6 + ((3 - 5) + -2 - 3))?
15
Calculate -1 + 3 + 6 + -1.
7
Calculate ((16 - 3) + -27 - -32) + -7.
11
Calculate -10 + (-11 - (-6 + -3) - (4 + 0)).
-16
What is the value of -13 - ((-21 - -39) + -33)?
2
What is 5 - 0 - ((27 - 2 - 5) + 1)?
-16
What is the value of (-37 - (-8 + 17)) + 28?
-18
Calculate -15 + (-3 - -6) - -21.
9
What is the value of -2 - (1 + 2) - (-38 + (-4 - -23))?
14
127 + -115 - (-7 - 1) - (4 + -2)
18
What is the value of 182 - 161 - (2 - -1)?
18
What is the value of -9 + (-9 + (-6 - -6) - -35)?
17
What is 3 + (7 - 21) - -3 - -3?
-5
What is the value of 34 + -15 + -9 + -29 - -5?
-14
What is the value of -2711 + 2699 - (-1 + 2 + -2)?
-11
19 + (-28 - (4 + -35))
22
3 - (6 - 9) - (59 + -73)
20
Calculate 1 + -1 + -6 - -1 - (279 + -291).
7
What is the value of (0 - (0 - 0)) + -153 + 142?
-11
What is the value of 6 + 8 + (3 - -6 - (55 + -31))?
-1
Calculate (4 - (-5 - -6)) + 7.
10
(-4 - 4 - -6) + (6 + -3 - 12)
-11
Calculate 7 + -13 + -92 + 104.
6
What is -10 + (61 - 10) + 3 - 16?
28
What is the value of (-8 - -4) + -5 + 1 + (1 - 0)?
-7
(17 - 6 - -8) + -9 - 6
4
What is the value of -7 + 8 + -7 + -11?
-17
Evaluate 1 - -5 - (2 + -6 + 2).
8
What is 4 - -9 - (1 - 4) - (1 + -2)?
17
5 + 17 + (4 - 17) + -20
-11
28 + -1 + -6 + -3
18
(6 + -5 + 1 - (12 + -18)) + 1
9
Calculate 12 - (39 + -11) - -17.
1
-3 - -1 - (2 - 21) - 1
16
Evaluate -2 - 17 - (-9 - 3) - (1 + 1).
-9
-8 + -2 + 3 + (-3 - -9) - -4
3
Calculate -12 + 12 - (-13 + 23).
-10
What is (9 + -11 - 4) + 22?
16
73 - 98 - (-16 - -2)
-11
(1 - (2 + -7 - 2)) + (14 - 19)
3
Evaluate -2 + 2 - (-14 - (2 + -6)) - -4.
14
-8 - (9 + -3) - -5
-9
What is the value of (366 - 314) + -14 + -3?
35
What is (10 - -2 - 10) + -6?
-4
Calculate (0 - 0) + 1 + -226 + 228 - -9.
12
What is -2 + -2 + 1 + (12 - 9) + -1?
-1
What is (8 + 13 - 23) + (1 - 6 - 1)?
-8
Evaluate (17 - 4 - 12) + 13 + 1.
15
What is the value of -18 + 21 + 12 + 9 + (-2 - 2)?
20
Evaluate (-65 - -61) + -2 + 2.
-4
What is the value of 12 + -19 - -8 - (0 + -2 + 4)?
-1
Evaluate 2 - ((-5 - 0) + -4 + 31 + -6).
-14
Evaluate 34 + -31 - (-28 - -16).
15
What is 19 + -11 - (13 + -4 + 0)?
-1
Calculate 6 + (13 - (-10 + -6 - -29)).
6
What is the value of (23 - 26) + (0 + 1 - -2) - -9?
9
-2 - 36 - (-37 + -22)
21
-366 + 390 - (-1 + 13)
12
What is (-25 - (21 - 54)) + 5 + 3?
16
What is 7 - (-1 + 2 + (-4 - -1) + -4)?
13
Calcul